[INFO] cloning repository https://github.com/aisrael/ceph-rs
[INFO] running `Command { std: "git" "-c" "credential.helper=" "-c" "credential.helper=/workspace/cargo-home/bin/git-credential-null" "clone" "--bare" "https://github.com/aisrael/ceph-rs" "/workspace/cache/git-repos/https%3A%2F%2Fgithub.com%2Faisrael%2Fceph-rs", kill_on_drop: false }`
[INFO] [stderr] Cloning into bare repository '/workspace/cache/git-repos/https%3A%2F%2Fgithub.com%2Faisrael%2Fceph-rs'...
[INFO] running `Command { std: "git" "rev-parse" "HEAD", kill_on_drop: false }`
[INFO] [stdout] f38fea81ec535a96f2c65401a3e4f205776b9637
[INFO] checking aisrael/ceph-rs against try#72f88fc4e9458f89516a0b8b0868f3718aec5b47 for pr-74989
[INFO] running `Command { std: "git" "clone" "/workspace/cache/git-repos/https%3A%2F%2Fgithub.com%2Faisrael%2Fceph-rs" "/workspace/builds/worker-5/source", kill_on_drop: false }`
[INFO] [stderr] Cloning into '/workspace/builds/worker-5/source'...
[INFO] [stderr] done.
[INFO] validating manifest of git repo https://github.com/aisrael/ceph-rs on toolchain 72f88fc4e9458f89516a0b8b0868f3718aec5b47
[INFO] running `Command { std: "/workspace/cargo-home/bin/cargo" "+72f88fc4e9458f89516a0b8b0868f3718aec5b47" "read-manifest" "--manifest-path" "Cargo.toml", kill_on_drop: false }`
[INFO] started tweaking git repo https://github.com/aisrael/ceph-rs
[INFO] removed path dependency ceph from git repo https://github.com/aisrael/ceph-rs
[INFO] finished tweaking git repo https://github.com/aisrael/ceph-rs
[INFO] tweaked toml for git repo https://github.com/aisrael/ceph-rs written to /workspace/builds/worker-5/source/Cargo.toml
[INFO] crate git repo https://github.com/aisrael/ceph-rs already has a lockfile, it will not be regenerated
[INFO] running `Command { std: "/workspace/cargo-home/bin/cargo" "+72f88fc4e9458f89516a0b8b0868f3718aec5b47" "fetch" "--locked" "--manifest-path" "Cargo.toml", kill_on_drop: false }`
[INFO] [stderr] warning: dependency (ceph) specified without providing a local path, Git repository, or version to use. This will be considered an error in future versions
[INFO] [stderr]     Updating crates.io index
[INFO] [stderr] error: the lock file /workspace/builds/worker-5/source/Cargo.lock needs to be updated but --locked was passed to prevent this
[INFO] [stderr] If you want to try to generate the lock file without accessing the network, use the --offline flag.
[INFO] the lockfile is outdated, regenerating it
[INFO] running `Command { std: "/workspace/cargo-home/bin/cargo" "+72f88fc4e9458f89516a0b8b0868f3718aec5b47" "generate-lockfile" "--manifest-path" "Cargo.toml" "-Zno-index-update", kill_on_drop: false }`
[INFO] [stderr]     Blocking waiting for file lock on package cache
[INFO] running `Command { std: "/workspace/cargo-home/bin/cargo" "+72f88fc4e9458f89516a0b8b0868f3718aec5b47" "fetch" "--locked" "--manifest-path" "Cargo.toml", kill_on_drop: false }`
[INFO] [stderr] warning: dependency (ceph) specified without providing a local path, Git repository, or version to use. This will be considered an error in future versions
[INFO] [stderr]     Blocking waiting for file lock on package cache
[INFO] [stderr]  Downloading crates ...
[INFO] [stderr]   Downloaded ceph v3.2.4
[INFO] running `Command { std: "docker" "create" "-v" "/var/lib/crater-agent-workspace/builds/worker-5/target:/opt/rustwide/target:rw,Z" "-v" "/var/lib/crater-agent-workspace/builds/worker-5/source:/opt/rustwide/workdir:ro,Z" "-v" "/var/lib/crater-agent-workspace/cargo-home:/opt/rustwide/cargo-home:ro,Z" "-v" "/var/lib/crater-agent-workspace/rustup-home:/opt/rustwide/rustup-home:ro,Z" "-e" "SOURCE_DIR=/opt/rustwide/workdir" "-e" "CARGO_TARGET_DIR=/opt/rustwide/target" "-e" "CARGO_HOME=/opt/rustwide/cargo-home" "-e" "RUSTUP_HOME=/opt/rustwide/rustup-home" "-w" "/opt/rustwide/workdir" "-m" "1610612736" "--user" "0:0" "--network" "none" "rustops/crates-build-env@sha256:d92eaeed33fa75130ca1ee6c8a01d1ffb62bac859dfdfb3450e3e5d1c0146529" "/opt/rustwide/cargo-home/bin/cargo" "+72f88fc4e9458f89516a0b8b0868f3718aec5b47" "metadata" "--no-deps" "--format-version=1", kill_on_drop: false }`
[INFO] [stdout] 6e07b974329e8a404a346b47e1b1f1ebf669ddee8b4412948cb8bb7354b262a3
[INFO] [stderr] WARNING: Your kernel does not support swap limit capabilities or the cgroup is not mounted. Memory limited without swap.
[INFO] running `Command { std: "docker" "start" "-a" "6e07b974329e8a404a346b47e1b1f1ebf669ddee8b4412948cb8bb7354b262a3", kill_on_drop: false }`
[INFO] running `Command { std: "docker" "inspect" "6e07b974329e8a404a346b47e1b1f1ebf669ddee8b4412948cb8bb7354b262a3", kill_on_drop: false }`
[INFO] running `Command { std: "docker" "rm" "-f" "6e07b974329e8a404a346b47e1b1f1ebf669ddee8b4412948cb8bb7354b262a3", kill_on_drop: false }`
[INFO] [stdout] 6e07b974329e8a404a346b47e1b1f1ebf669ddee8b4412948cb8bb7354b262a3
[INFO] running `Command { std: "docker" "create" "-v" "/var/lib/crater-agent-workspace/builds/worker-5/target:/opt/rustwide/target:rw,Z" "-v" "/var/lib/crater-agent-workspace/builds/worker-5/source:/opt/rustwide/workdir:ro,Z" "-v" "/var/lib/crater-agent-workspace/cargo-home:/opt/rustwide/cargo-home:ro,Z" "-v" "/var/lib/crater-agent-workspace/rustup-home:/opt/rustwide/rustup-home:ro,Z" "-e" "SOURCE_DIR=/opt/rustwide/workdir" "-e" "CARGO_TARGET_DIR=/opt/rustwide/target" "-e" "CARGO_INCREMENTAL=0" "-e" "RUST_BACKTRACE=full" "-e" "RUSTFLAGS=--cap-lints=forbid" "-e" "CARGO_HOME=/opt/rustwide/cargo-home" "-e" "RUSTUP_HOME=/opt/rustwide/rustup-home" "-w" "/opt/rustwide/workdir" "-m" "1610612736" "--user" "0:0" "--network" "none" "rustops/crates-build-env@sha256:d92eaeed33fa75130ca1ee6c8a01d1ffb62bac859dfdfb3450e3e5d1c0146529" "/opt/rustwide/cargo-home/bin/cargo" "+72f88fc4e9458f89516a0b8b0868f3718aec5b47" "check" "--frozen" "--all" "--all-targets" "--message-format=json", kill_on_drop: false }`
[INFO] [stdout] 30463c45c7fd67b867a7e355788d0383553ddaf73a9bd49bdd8050a55cbf12a5
[INFO] [stderr] WARNING: Your kernel does not support swap limit capabilities or the cgroup is not mounted. Memory limited without swap.
[INFO] running `Command { std: "docker" "start" "-a" "30463c45c7fd67b867a7e355788d0383553ddaf73a9bd49bdd8050a55cbf12a5", kill_on_drop: false }`
[INFO] [stderr] warning: dependency (ceph) specified without providing a local path, Git repository, or version to use. This will be considered an error in future versions
[INFO] [stderr]     Blocking waiting for file lock on package cache
[INFO] [stderr]    Compiling proc-macro2 v1.0.21
[INFO] [stderr]    Compiling syn v1.0.40
[INFO] [stderr]    Compiling serde_derive v1.0.116
[INFO] [stderr]    Compiling bitflags v1.2.1
[INFO] [stderr]    Compiling serde v1.0.116
[INFO] [stderr]    Compiling lexical-core v0.7.4
[INFO] [stderr]    Compiling libc v0.2.77
[INFO] [stderr]    Compiling nix v0.15.0
[INFO] [stderr]     Checking static_assertions v1.1.0
[INFO] [stderr]    Compiling byteorder v1.3.4
[INFO] [stderr]     Checking arrayvec v0.5.1
[INFO] [stderr]    Compiling log v0.4.11
[INFO] [stderr]     Checking itoa v0.4.6
[INFO] [stderr]     Checking void v1.0.2
[INFO] [stderr]    Compiling nom v5.1.2
[INFO] [stderr]    Compiling quote v1.0.7
[INFO] [stderr]     Checking uuid v0.8.1
[INFO] [stderr]     Checking serde_json v1.0.57
[INFO] [stderr]     Checking ceph v3.2.4
[INFO] [stderr]     Checking hello_ceph v0.1.0 (/opt/rustwide/workdir)
[INFO] [stdout] error[E0432]: unresolved import `ceph::rados::version`
[INFO] [stdout]  --> src/main.rs:5:5
[INFO] [stdout]   |
[INFO] [stdout] 5 | use ceph::rados::version;
[INFO] [stdout]   |     ^^^^^^^^^^^^^^^^^^^^ no `version` in `rados`
[INFO] [stdout] 
[INFO] [stdout] 
[INFO] [stdout] error[E0432]: unresolved import `ceph::rados::Cluster`
[INFO] [stdout]  --> src/main.rs:6:5
[INFO] [stdout]   |
[INFO] [stdout] 6 | use ceph::rados::Cluster;
[INFO] [stdout]   |     ^^^^^^^^^^^^^^^^^^^^ no `Cluster` in `rados`
[INFO] [stdout] 
[INFO] [stdout] 
[INFO] [stdout] error[E0432]: unresolved import `ceph::rados::version`
[INFO] [stdout]  --> src/main.rs:5:5
[INFO] [stdout]   |
[INFO] [stdout] 5 | use ceph::rados::version;
[INFO] [stdout]   |     ^^^^^^^^^^^^^^^^^^^^ no `version` in `rados`
[INFO] [stdout] 
[INFO] [stdout] 
[INFO] [stdout] error[E0432]: unresolved import `ceph::rados::Cluster`
[INFO] [stdout]  --> src/main.rs:6:5
[INFO] [stdout]   |
[INFO] [stdout] 6 | use ceph::rados::Cluster;
[INFO] [stdout]   |     ^^^^^^^^^^^^^^^^^^^^ no `Cluster` in `rados`
[INFO] [stdout] 
[INFO] [stdout] 
[INFO] [stdout] error[E0425]: cannot find function `version` in module `ceph::rados`
[INFO] [stdout]   --> src/main.rs:10:66
[INFO] [stdout]    |
[INFO] [stdout] 10 |     println!("{}: rados::version() => {}", args[0], ceph::rados::version());
[INFO] [stdout]    |                                                                  ^^^^^^^ not found in `ceph::rados`
[INFO] [stdout]    |
[INFO] [stdout] help: consider importing this function
[INFO] [stdout]    |
[INFO] [stdout] 3  | use ceph::cmd::version;
[INFO] [stdout]    |
[INFO] [stdout] 
[INFO] [stdout] 
[INFO] [stdout] error[E0425]: cannot find function `version` in module `ceph::rados`
[INFO] [stdout]   --> src/main.rs:10:66
[INFO] [stdout]    |
[INFO] [stdout] 10 |     println!("{}: rados::version() => {}", args[0], ceph::rados::version());
[INFO] [stdout]    |                                                                  ^^^^^^^ not found in `ceph::rados`
[INFO] [stdout]    |
[INFO] [stdout] help: consider importing this function
[INFO] [stdout]    |
[INFO] [stdout] 3  | use ceph::cmd::version;
[INFO] [stdout]    |
[INFO] [stdout] 
[INFO] [stdout] 
[INFO] [stdout] error: aborting due to 3 previous errors
[INFO] [stdout] 
[INFO] [stdout] 
[INFO] [stdout] Some errors have detailed explanations: E0425, E0432.
[INFO] [stdout] 
[INFO] [stdout] For more information about an error, try `rustc --explain E0425`.
[INFO] [stdout] 
[INFO] [stderr] error: could not compile `hello_ceph`.
[INFO] [stderr] 
[INFO] [stderr] To learn more, run the command again with --verbose.
[INFO] [stderr] warning: build failed, waiting for other jobs to finish...
[INFO] [stdout] error: aborting due to 3 previous errors
[INFO] [stdout] 
[INFO] [stdout] 
[INFO] [stdout] Some errors have detailed explanations: E0425, E0432.
[INFO] [stdout] 
[INFO] [stdout] For more information about an error, try `rustc --explain E0425`.
[INFO] [stdout] 
[INFO] [stderr] error: build failed
[INFO] running `Command { std: "docker" "inspect" "30463c45c7fd67b867a7e355788d0383553ddaf73a9bd49bdd8050a55cbf12a5", kill_on_drop: false }`
[INFO] running `Command { std: "docker" "rm" "-f" "30463c45c7fd67b867a7e355788d0383553ddaf73a9bd49bdd8050a55cbf12a5", kill_on_drop: false }`
[INFO] [stdout] 30463c45c7fd67b867a7e355788d0383553ddaf73a9bd49bdd8050a55cbf12a5
